{"id":922,"date":"2014-02-22T17:09:19","date_gmt":"2014-02-22T17:09:19","guid":{"rendered":"http:\/\/www.benzclassic.net\/?page_id=922"},"modified":"2015-10-14T13:25:38","modified_gmt":"2015-10-14T13:25:38","slug":"w187","status":"publish","type":"page","link":"http:\/\/www.benzclassic.net\/?page_id=922","title":{"rendered":"W187"},"content":{"rendered":"<p>&nbsp;<\/p>\n<h1 lang=\"en\">Mercedes-Benz W187<\/h1>\n<table cellspacing=\"3\">\n<tbody>\n<tr>\n<th scope=\"row\">\u00dcretim<\/th>\n<td>1951-1955<br \/>\n18,514 AdetSalon: 16,154 Adet<br \/>\nCabr. A: 1,278 Adet<br \/>\nCabr. B: 997 Adet<br \/>\nCoup\u00e9: 85 Adet<\/td>\n<\/tr>\n<tr>\n<th colspan=\"2\">G\u00f6vde ve \u015fasi<\/th>\n<\/tr>\n<tr>\n<th scope=\"row\"><a title=\"Ara\u00e7 s\u0131n\u0131fland\u0131rma\" href=\"http:\/\/en.wikipedia.org\/wiki\/Car_classification\">S\u0131n\u0131f<\/a><\/th>\n<td><a title=\"Tam boy araba\" href=\"http:\/\/en.wikipedia.org\/wiki\/Full-size_car\">tam boy<\/a><\/td>\n<\/tr>\n<tr>\n<th scope=\"row\"><a title=\"Ara\u00e7 s\u0131n\u0131fland\u0131rma\" href=\"http:\/\/en.wikipedia.org\/wiki\/Car_classification\">G\u00f6vde stili<\/a><\/th>\n<td>1951-54: 4 kap\u0131\u00a0<a title=\"Sedan (araba)\" href=\"http:\/\/en.wikipedia.org\/wiki\/Sedan_(car)\">sedan<\/a><br \/>\n1951-54: 2 kap\u0131, 4 koltuk\u00a0<a title=\"Cabriolet (otomobil)\" href=\"http:\/\/en.wikipedia.org\/wiki\/Cabriolet_(automobile)\">&#8220;Cabriolet B&#8221;<\/a><br \/>\n1951-55: 2 kap\u0131, koltuk 2\/3\u00a0<a title=\"Cabriolet (otomobil)\" href=\"http:\/\/en.wikipedia.org\/wiki\/Cabriolet_(automobile)\">&#8220;Bir Cabriolet&#8221;<\/a><br \/>\n1954-55: 2 kap\u0131\u00a0<a title=\"Coup\u00e9\" href=\"http:\/\/en.wikipedia.org\/wiki\/Coup%C3%A9\">coup\u00e9<\/a><\/td>\n<\/tr>\n<tr>\n<th colspan=\"2\">Powertrain<\/th>\n<\/tr>\n<tr>\n<th scope=\"row\"><a title=\"\u0130letim (mekani\u011fi)\" href=\"http:\/\/en.wikipedia.org\/wiki\/Transmission_(mechanics)\">\u015eanz\u0131man<\/a><\/th>\n<td>4 &#8211; ileri manuel<\/td>\n<\/tr>\n<tr>\n<th colspan=\"2\">Boyutlar<\/th>\n<\/tr>\n<tr>\n<th scope=\"row\"><a title=\"Dingil mesafesi\" href=\"http:\/\/en.wikipedia.org\/wiki\/Wheelbase\">Dingil mesafesi<\/a><\/th>\n<td>2,845 mm (112.0)<\/td>\n<\/tr>\n<tr>\n<th scope=\"row\">Uzunluk<\/th>\n<td>4,507 mm (177.4) &#8211; 4,538 mm (178.7)<\/td>\n<\/tr>\n<tr>\n<th scope=\"row\">Geni\u015flik<\/th>\n<td>1,685 mm (66.3)<\/td>\n<\/tr>\n<\/tbody>\n<\/table>\n<p>&nbsp;<\/p>\n<div>\n<div align=\"left\"><b>Teknik veriler\u00a0<\/b><\/div>\n<\/div>\n<div>\n<table>\n<tbody>\n<tr bgcolor=\"#FFDEAD\">\n<th width=\"20%\">Mercedes-Benz<\/th>\n<th width=\"40%\">220<\/th>\n<th width=\"40%\">220 Cabriolet\/Coupe<\/th>\n<\/tr>\n<tr bgcolor=\"#EEEEEE\">\n<td>\u00dcretilen:<\/td>\n<td align=\"center\">1951-1954<\/td>\n<td align=\"center\">1951-1955<\/td>\n<\/tr>\n<tr bgcolor=\"#EEEEEE\">\n<td>Motor:<\/td>\n<td colspan=\"2\" align=\"center\"><a title=\"Alt\u0131 silindirli motor\" href=\"http:\/\/en.wikipedia.org\/wiki\/Straight-six_engine\">6-silindir-inline motoru<\/a>\u00a0(<a title=\"D\u00f6rt zamanl\u0131\" href=\"http:\/\/en.wikipedia.org\/wiki\/Four-stroke\">d\u00f6rt zamanl\u0131<\/a>), \u00f6n montajl\u0131<\/td>\n<\/tr>\n<tr bgcolor=\"#EEEEEE\">\n<td>\u00c7ap x Strok:<\/td>\n<td colspan=\"2\" align=\"center\">80 mm x 72.8 mm<\/td>\n<\/tr>\n<tr bgcolor=\"#EEEEEE\">\n<td>Deplasman:<\/td>\n<td colspan=\"2\" align=\"center\">2195 cc<\/td>\n<\/tr>\n<tr bgcolor=\"#EEEEEE\">\n<td>Max. G\u00fcc\u00fc @ rpm:<\/td>\n<td colspan=\"2\" align=\"center\">80 PS (59 kW; 79 hp) @ 4850<\/td>\n<\/tr>\n<tr bgcolor=\"#EEEEEE\">\n<td>Max. Tork @ rpm:<\/td>\n<td colspan=\"2\" align=\"center\">142 N\u00b7m (105 lb\u00b7ft) @ 2500<\/td>\n<\/tr>\n<tr bgcolor=\"#EEEEEE\">\n<td>S\u0131k\u0131\u015ft\u0131rma Oran\u0131:<\/td>\n<td colspan=\"2\" align=\"center\">6.5: 1<\/td>\n<\/tr>\n<tr bgcolor=\"#EEEEEE\">\n<td>Yak\u0131t besleme:<\/td>\n<td colspan=\"2\" align=\"center\">\u0130ki varil downdraft carburetter Solex 30PAAJ<\/td>\n<\/tr>\n<tr bgcolor=\"#EEEEEE\">\n<td>Yak\u0131t tank kapasitesi:<\/td>\n<td colspan=\"2\" align=\"center\">47 L (12.4 US galon; 10.3 \u0131mp gal), 1951 sonundan itibaren 65 L (17.2 US gal; 14.3 \u0131mp gal)<\/td>\n<\/tr>\n<tr bgcolor=\"#EEEEEE\">\n<td>Valvetrain:<\/td>\n<td colspan=\"2\" align=\"center\"><a title=\"SOHC\" href=\"http:\/\/en.wikipedia.org\/wiki\/SOHC\">SOHC<\/a>, zincir dubleks<\/td>\n<\/tr>\n<tr bgcolor=\"#EEEEEE\">\n<td>So\u011futma:<\/td>\n<td colspan=\"2\" align=\"center\">Su<\/td>\n<\/tr>\n<tr bgcolor=\"#EEEEEE\">\n<td>\u015eanz\u0131man:<\/td>\n<td colspan=\"2\" align=\"center\">4-ileri manuel<br \/>\narkadan \u00e7eki\u015fli, aks oran\u0131 4.44:1<\/td>\n<\/tr>\n<tr bgcolor=\"#EEEEEE\">\n<td>Elektrik sistemi:<\/td>\n<td colspan=\"2\" align=\"center\">6 volt<\/td>\n<\/tr>\n<tr bgcolor=\"#EEEEEE\">\n<td>\u00d6n s\u00fcspansiyon:<\/td>\n<td colspan=\"2\" align=\"center\">\u00c7ift lades kemi\u011fi helezon yaylar, bar dengelenmekte<\/td>\n<\/tr>\n<tr bgcolor=\"#EEEEEE\">\n<td>Arka s\u00fcspansiyon::<\/td>\n<td align=\"center\">Y\u00fcksek pivot aks sal\u0131ncak, helezon yaylar<\/td>\n<td align=\"center\">Y\u00fcksek pivot aks sal\u0131ncak, helezon yaylar<\/td>\n<\/tr>\n<tr bgcolor=\"#EEEEEE\">\n<td>Frenler:<\/td>\n<td colspan=\"2\" align=\"center\">Davullu (\u00d8 240 mm)<\/td>\n<\/tr>\n<tr bgcolor=\"#EEEEEE\">\n<td>Direksiyon:<\/td>\n<td colspan=\"2\" align=\"center\">Solucan-ve-sekt\u00f6r\u00fc direksiyon<\/td>\n<\/tr>\n<tr bgcolor=\"#EEEEEE\">\n<td>V\u00fccut yap\u0131:<\/td>\n<td align=\"center\">Sac \u00fczerinde oval \u00e7elik boru X-\u00e7er\u00e7eve<\/td>\n<td align=\"center\">Sac ile ah\u015fap karkas \u00fczerinde oval \u00e7elik boru X-\u00e7er\u00e7eve<\/td>\n<\/tr>\n<tr bgcolor=\"#EEEEEE\">\n<td><\/td>\n<td colspan=\"6\" align=\"center\"><\/td>\n<\/tr>\n<tr bgcolor=\"#EEEEEE\">\n<td><\/td>\n<td colspan=\"6\" align=\"center\"><\/td>\n<\/tr>\n<tr bgcolor=\"#EEEEEE\">\n<td>Kuru a\u011f\u0131rl\u0131k:<\/td>\n<td align=\"center\">1,350 kg (2,980 lb)<\/td>\n<td align=\"center\">1,440 kg (3,170 lb)<\/td>\n<\/tr>\n<tr bgcolor=\"#EEEEEE\">\n<td>Y\u00fckl\u00fc a\u011f\u0131rl\u0131\u011f\u0131:<\/td>\n<td align=\"center\">1,690 kg (3,730 lb)<\/td>\n<td align=\"center\">Cabriolet Bir 1,680 kg (3,700 lb)<br \/>\nCabriolet B 1,785 kg (3,935 lb)<\/td>\n<\/tr>\n<tr bgcolor=\"#EEEEEE\">\n<td><\/td>\n<td colspan=\"6\" align=\"center\"><\/td>\n<\/tr>\n<tr bgcolor=\"#EEEEEE\">\n<td>\u0130z \u00f6n\/<br \/>\narka:<\/td>\n<td colspan=\"2\" align=\"center\">1,315 mm (51.8) 1,435 mm (56.5)<\/td>\n<\/tr>\n<tr bgcolor=\"#EEEEEE\">\n<td>Dingil a\u00e7\u0131kl\u0131\u011f\u0131:<\/td>\n<td colspan=\"2\" align=\"center\">2,845 mm (112.0)<\/td>\n<\/tr>\n<tr bgcolor=\"#EEEEEE\">\n<td><\/td>\n<td colspan=\"6\" align=\"center\"><\/td>\n<\/tr>\n<tr bgcolor=\"#EEEEEE\">\n<td>Uzunluk:<\/td>\n<td align=\"center\">4,507 mm (177.4)<\/td>\n<td align=\"center\">Cabriolet B: 4,507 mm (177.4)<br \/>\nCabriolet A: 4,538 mm (178.7)<\/td>\n<\/tr>\n<tr bgcolor=\"#EEEEEE\">\n<td>Geni\u015flik:<\/td>\n<td colspan=\"2\" align=\"center\">1,685 mm (66.3)<\/td>\n<\/tr>\n<tr bgcolor=\"#EEEEEE\">\n<td>Y\u00fckseklik:<\/td>\n<td align=\"center\">1,610 mm (63)<\/td>\n<td align=\"center\">Cabriolet B: 1,610 mm (63)<br \/>\nCabriolet A: 1,560 mm (61)<\/td>\n<\/tr>\n<tr bgcolor=\"#EEEEEE\">\n<td><\/td>\n<td colspan=\"6\" align=\"center\"><\/td>\n<\/tr>\n<tr bgcolor=\"#EEEEEE\">\n<td><\/td>\n<td colspan=\"6\" align=\"center\"><\/td>\n<\/tr>\n<tr bgcolor=\"#EEEEEE\">\n<td>Lastik\/Lastik boyutlar\u0131:<\/td>\n<td colspan=\"2\" align=\"center\">6.40-15<\/td>\n<\/tr>\n<tr bgcolor=\"#EEEEEE\">\n<td><\/td>\n<td colspan=\"6\" align=\"center\"><\/td>\n<\/tr>\n<tr bgcolor=\"#EEEEEE\">\n<td><\/td>\n<td colspan=\"6\" align=\"center\"><\/td>\n<\/tr>\n<tr bgcolor=\"#EEEEEE\">\n<td>En \u00fcst h\u0131z:<\/td>\n<td align=\"center\">140 km\/h (87 mph)<\/td>\n<td align=\"center\">140 km\/h (87 mph)<br \/>\nCabriolet A: 145 km\/h (90 mil \/ s)<\/td>\n<\/tr>\n<tr bgcolor=\"#EEEEEE\">\n<td>Yak\u0131t T\u00fcketimi (tahmini):<\/td>\n<td align=\"center\">14.0 litre \/ 100 km (20.2 mpg<sub><small>-\u0131mp<\/small><\/sub>; 16.8 mpg<sub><small>-ABD<\/small><\/sub>)<\/td>\n<td align=\"center\">14.5 litre \/ 100 km (19.5 mpg<sub><small>-\u0131mp<\/small><\/sub>; 16.2 mpg<sub><small>-ABD<\/small><\/sub>)<\/td>\n<\/tr>\n<tr bgcolor=\"#EEEEEE\">\n<td>Fiyat (Almanya):<br \/>\nSaalon<br \/>\nSalon w\/kuma\u015f sunroof<br \/>\nCabriolet Bir<br \/>\nCabriolet B<br \/>\nCoup\u00e9<br \/>\nCoup\u00e9 w\/sunroof \u00e7elik:<\/td>\n<td align=\"center\">DM 11,925<br \/>\nDM 12,525<\/td>\n<td align=\"center\">DM 18,860<br \/>\nDM 15,160<br \/>\nDM 20,850<br \/>\nDM 22,000<\/td>\n<\/tr>\n<\/tbody>\n<\/table>\n<\/div>\n<div>\n<table align=\"left\">\n<tbody>\n<tr bgcolor=\"#F0F0F0\">\n<td align=\"center\" width=\"5%\">\u015easi<\/td>\n<td align=\"center\" width=\"5%\">T\u00fcr\u00fc<\/td>\n<td align=\"center\" width=\"5%\">1951<\/td>\n<td align=\"center\" width=\"5%\">1952<\/td>\n<td align=\"center\" width=\"5%\">1953<\/td>\n<td align=\"center\" width=\"5%\">1954<\/td>\n<td align=\"center\" width=\"5%\">1955<\/td>\n<\/tr>\n<tr align=\"center\">\n<td rowspan=\"4\" bgcolor=\"#C0C0C0\">W187<\/td>\n<td bgcolor=\"#C0C0C0\"><a title=\"Sedan (araba)\" href=\"http:\/\/en.wikipedia.org\/wiki\/Sedan_(car)\">sedan<\/a><\/td>\n<td colspan=\"4\" bgcolor=\"#C0C0C0\">220<\/td>\n<td colspan=\"1\" bgcolor=\"#E0E0E0\"><\/td>\n<\/tr>\n<tr align=\"center\">\n<td bgcolor=\"#C0C0C0\"><a title=\"Coupe\" href=\"http:\/\/en.wikipedia.org\/wiki\/Coupe\">coupe<\/a><\/td>\n<td colspan=\"3\" bgcolor=\"#E0E0E0\"><\/td>\n<td colspan=\"2\" bgcolor=\"#C0C0C0\">220<\/td>\n<\/tr>\n<tr align=\"center\">\n<td bgcolor=\"#C0C0C0\"><a title=\"Cabriolet (otomobil)\" href=\"http:\/\/en.wikipedia.org\/wiki\/Cabriolet_(automobile)\">cabriolet<\/a><\/td>\n<td colspan=\"5\" bgcolor=\"#C0C0C0\">220<\/td>\n<\/tr>\n<\/tbody>\n<\/table>\n<\/div>\n<div><a href=\"http:\/\/www.benzclassic.net\/wp-content\/uploads\/2014\/02\/MERCEDESBENZTyp220-W187-2184_4.jpg\"><img loading=\"lazy\" class=\"alignnone size-medium wp-image-917\" alt=\"MERCEDESBENZTyp220-W187--2184_4\" src=\"http:\/\/www.benzclassic.net\/wp-content\/uploads\/2014\/02\/MERCEDESBENZTyp220-W187-2184_4-300x199.jpg\" width=\"300\" height=\"199\" srcset=\"http:\/\/www.benzclassic.net\/wp-content\/uploads\/2014\/02\/MERCEDESBENZTyp220-W187-2184_4-300x199.jpg 300w, http:\/\/www.benzclassic.net\/wp-content\/uploads\/2014\/02\/MERCEDESBENZTyp220-W187-2184_4.jpg 800w\" sizes=\"(max-width: 300px) 100vw, 300px\" \/><\/a><a href=\"http:\/\/www.benzclassic.net\/wp-content\/uploads\/2014\/02\/1951-w187-220-cabriolet-b-1b.jpg\"><img loading=\"lazy\" class=\"alignnone size-medium wp-image-904\" alt=\"1951-w187-220-cabriolet-b-1b\" src=\"http:\/\/www.benzclassic.net\/wp-content\/uploads\/2014\/02\/1951-w187-220-cabriolet-b-1b-300x181.jpg\" width=\"300\" height=\"181\" srcset=\"http:\/\/www.benzclassic.net\/wp-content\/uploads\/2014\/02\/1951-w187-220-cabriolet-b-1b-300x181.jpg 300w, http:\/\/www.benzclassic.net\/wp-content\/uploads\/2014\/02\/1951-w187-220-cabriolet-b-1b.jpg 780w\" sizes=\"(max-width: 300px) 100vw, 300px\" \/><\/a><a href=\"http:\/\/www.benzclassic.net\/wp-content\/uploads\/2014\/02\/mercedes-benz-220-A-Cabriolet-w187-schwarz-1953_0003_4.jpg\"><img loading=\"lazy\" class=\"alignnone size-medium wp-image-914\" alt=\"mercedes-benz-220-A-Cabriolet-w187-schwarz-1953_0003_4\" src=\"http:\/\/www.benzclassic.net\/wp-content\/uploads\/2014\/02\/mercedes-benz-220-A-Cabriolet-w187-schwarz-1953_0003_4-300x223.jpg\" width=\"300\" height=\"223\" srcset=\"http:\/\/www.benzclassic.net\/wp-content\/uploads\/2014\/02\/mercedes-benz-220-A-Cabriolet-w187-schwarz-1953_0003_4-300x223.jpg 300w, http:\/\/www.benzclassic.net\/wp-content\/uploads\/2014\/02\/mercedes-benz-220-A-Cabriolet-w187-schwarz-1953_0003_4.jpg 950w\" sizes=\"(max-width: 300px) 100vw, 300px\" \/><\/a><\/div>\n","protected":false},"excerpt":{"rendered":"<p>&nbsp; Mercedes-Benz W187 \u00dcretim 1951-1955 18,514 AdetSalon: 16,154 Adet Cabr. A: 1,278 Adet Cabr. B: 997 Adet Coup\u00e9: 85 Adet G\u00f6vde ve \u015fasi S\u0131n\u0131f tam boy G\u00f6vde stili 1951-54: 4 kap\u0131\u00a0sedan 1951-54: 2 kap\u0131, 4 koltuk\u00a0&#8220;Cabriolet B&#8221; 1951-55: 2 kap\u0131, koltuk 2\/3\u00a0&#8220;Bir Cabriolet&#8221; 1954-55: 2 kap\u0131\u00a0coup\u00e9 Powertrain \u015eanz\u0131man 4 &#8211; ileri manuel Boyutlar Dingil mesafesi &#8230; <span class=\"more\"><a class=\"more-link\" href=\"http:\/\/www.benzclassic.net\/?page_id=922\">[Read more&#8230;]<\/a><\/span><\/p>\n","protected":false},"author":1,"featured_media":0,"parent":673,"menu_order":12,"comment_status":"closed","ping_status":"closed","template":"","meta":[],"_links":{"self":[{"href":"http:\/\/www.benzclassic.net\/index.php?rest_route=\/wp\/v2\/pages\/922"}],"collection":[{"href":"http:\/\/www.benzclassic.net\/index.php?rest_route=\/wp\/v2\/pages"}],"about":[{"href":"http:\/\/www.benzclassic.net\/index.php?rest_route=\/wp\/v2\/types\/page"}],"author":[{"embeddable":true,"href":"http:\/\/www.benzclassic.net\/index.php?rest_route=\/wp\/v2\/users\/1"}],"replies":[{"embeddable":true,"href":"http:\/\/www.benzclassic.net\/index.php?rest_route=%2Fwp%2Fv2%2Fcomments&post=922"}],"version-history":[{"count":2,"href":"http:\/\/www.benzclassic.net\/index.php?rest_route=\/wp\/v2\/pages\/922\/revisions"}],"predecessor-version":[{"id":924,"href":"http:\/\/www.benzclassic.net\/index.php?rest_route=\/wp\/v2\/pages\/922\/revisions\/924"}],"up":[{"embeddable":true,"href":"http:\/\/www.benzclassic.net\/index.php?rest_route=\/wp\/v2\/pages\/673"}],"wp:attachment":[{"href":"http:\/\/www.benzclassic.net\/index.php?rest_route=%2Fwp%2Fv2%2Fmedia&parent=922"}],"curies":[{"name":"wp","href":"https:\/\/api.w.org\/{rel}","templated":true}]}}