{"id":697,"date":"2014-02-21T21:20:58","date_gmt":"2014-02-21T21:20:58","guid":{"rendered":"http:\/\/www.benzclassic.net\/?page_id=697"},"modified":"2016-06-24T06:55:14","modified_gmt":"2016-06-24T06:55:14","slug":"w114-w115","status":"publish","type":"page","link":"http:\/\/www.benzclassic.net\/?page_id=697","title":{"rendered":"W114 \/ W115"},"content":{"rendered":"<table cellspacing=\"3\">\n<tbody>\n<tr>\n<th scope=\"row\">\u00dcretim<\/th>\n<td>1968-1976<br \/>\n1,919,056 Adet<br \/>\nSedan: 1,852,008<br \/>\nCoup\u00e9: 67,048<\/td>\n<\/tr>\n<tr>\n<th scope=\"row\">Montaj<\/th>\n<td><a title=\"Stuttgart, Almanya\" href=\"http:\/\/en.wikipedia.org\/wiki\/Stuttgart,_West_Germany\">Stuttgart, Almanya<\/a><br \/>\n<a title=\"Bremen\" href=\"http:\/\/en.wikipedia.org\/wiki\/Bremen\">Bremen, Almanya<\/a><br \/>\n<a title=\"Sindelfingen\" href=\"http:\/\/en.wikipedia.org\/wiki\/Sindelfingen\">Sindelfingen Almanya<\/a><br \/>\n<a title=\"East London, G\u00fcney Afrika\" href=\"http:\/\/en.wikipedia.org\/wiki\/East_London,_South_Africa\">East London<\/a>,\u00a0<a title=\"G\u00fcney Afrika\" href=\"http:\/\/en.wikipedia.org\/wiki\/South_Africa\">G\u00fcney Afrika<\/a><br \/>\n<a title=\"Barcelona, Anzo\u00e1tegui\" href=\"http:\/\/en.wikipedia.org\/wiki\/Barcelona,_Anzo%C3%A1tegui\">Barcelona<\/a>,\u00a0<a title=\"Venezuela\" href=\"http:\/\/en.wikipedia.org\/wiki\/Venezuela\">Venezuela<\/a>\u00a0(<a title=\"Tam y\u0131kmak\" href=\"http:\/\/en.wikipedia.org\/wiki\/Complete_knock_down\">CKD<\/a>)<br \/>\n<a title=\"Gonz\u00e1lez Cat\u00e1n\" href=\"http:\/\/en.wikipedia.org\/wiki\/Gonz%C3%A1lez_Cat%C3%A1n\">Buenos Aires<\/a>,\u00a0<a title=\"Arjantin\" href=\"http:\/\/en.wikipedia.org\/wiki\/Argentina\">Arjantin<\/a><\/td>\n<\/tr>\n<tr>\n<th scope=\"row\"><a title=\"Otomotiv tasar\u0131m\" href=\"http:\/\/en.wikipedia.org\/wiki\/Automotive_design\">Tasar\u0131mc\u0131<\/a><\/th>\n<td><a title=\"Paul Bracq\" href=\"http:\/\/en.wikipedia.org\/wiki\/Paul_Bracq\">Paul Bracq<\/a><\/td>\n<\/tr>\n<tr>\n<th colspan=\"2\">G\u00f6vde ve \u015fasi<\/th>\n<\/tr>\n<tr>\n<th scope=\"row\"><a title=\"Ara\u00e7 s\u0131n\u0131fland\u0131rma\" href=\"http:\/\/en.wikipedia.org\/wiki\/Car_classification\">S\u0131n\u0131f<\/a><\/th>\n<td><a title=\"Y\u00f6netici araba\" href=\"http:\/\/en.wikipedia.org\/wiki\/Executive_car\">Y\u00f6netici araba<\/a><\/td>\n<\/tr>\n<tr>\n<th scope=\"row\"><a title=\"Ara\u00e7 s\u0131n\u0131fland\u0131rma\" href=\"http:\/\/en.wikipedia.org\/wiki\/Car_classification\">G\u00f6vde stili<\/a><\/th>\n<td>4 kap\u0131\u00a0<a title=\"Sedan (araba)\" href=\"http:\/\/en.wikipedia.org\/wiki\/Sedan_(car)\">sedan<\/a><br \/>\n2-kap\u0131\u00a0<a title=\"Coupe\" href=\"http:\/\/en.wikipedia.org\/wiki\/Coupe\">coupe<\/a><\/td>\n<\/tr>\n<tr>\n<th scope=\"row\"><a title=\"Otomobil platformu\" href=\"http:\/\/en.wikipedia.org\/wiki\/Automobile_platform\">Platform<\/a><\/th>\n<td><a title=\"FR d\u00fczeni\" href=\"http:\/\/en.wikipedia.org\/wiki\/FR_layout\">FR d\u00fczeni<\/a><\/td>\n<\/tr>\n<tr>\n<th scope=\"row\">\u0130lgili<\/th>\n<td><a title=\"Mercedes-Benz W116\" href=\"http:\/\/en.wikipedia.org\/wiki\/Mercedes-Benz_W116\">Mercedes-Benz W116<\/a><\/td>\n<\/tr>\n<tr>\n<th colspan=\"2\">Powertrain<\/th>\n<\/tr>\n<tr>\n<th scope=\"row\"><a title=\"Motoru\" href=\"http:\/\/en.wikipedia.org\/wiki\/Engine\">Motoru<\/a><\/th>\n<td>2.0 L\u00a0<i><a title=\"Mercedes-Benz M115 motoru\" href=\"http:\/\/en.wikipedia.org\/wiki\/Mercedes-Benz_M115_engine\">M115<\/a><\/i>\u00a0<a title=\"S\u0131ral\u0131 d\u00f6rt motoru\" href=\"http:\/\/en.wikipedia.org\/wiki\/Inline-four_engine\">I4<\/a><br \/>\n2.2 L\u00a0<i><a title=\"Mercedes-Benz M115 motoru\" href=\"http:\/\/en.wikipedia.org\/wiki\/Mercedes-Benz_M115_engine\">M115<\/a><\/i>\u00a0I4<br \/>\n2.3 lt\u00a0<i><a title=\"Mercedes-Benz M115 motoru\" href=\"http:\/\/en.wikipedia.org\/wiki\/Mercedes-Benz_M115_engine\">M115<\/a><\/i>\u00a0I4<br \/>\n2.3 lt\u00a0<i><a title=\"Mercedes-Benz M180 motoru\" href=\"http:\/\/en.wikipedia.org\/wiki\/Mercedes-Benz_M180_engine\">M180<\/a><\/i>\u00a0<a title=\"Alt\u0131 silindirli motor\" href=\"http:\/\/en.wikipedia.org\/wiki\/Straight-six_engine\">\u01306<\/a><br \/>\n2.5 L\u00a0<i><a title=\"Mercedes-Benz M114 motoru\" href=\"http:\/\/en.wikipedia.org\/wiki\/Mercedes-Benz_M114_engine\">M114<\/a><\/i>\u00a0\u01306<br \/>\n2,746 cc\u00a0<i><a title=\"Mercedes-Benz M110 motoru\" href=\"http:\/\/en.wikipedia.org\/wiki\/Mercedes-Benz_M110_engine\">M110<\/a><\/i>\u00a0\u01306<br \/>\n2,778 cc\u00a0<i><a title=\"Mercedes-Benz M130 motoru\" href=\"http:\/\/en.wikipedia.org\/wiki\/Mercedes-Benz_M130_engine\">M130<\/a><\/i>\u00a0\u01306<br \/>\n2.0 L\u00a0<i><a title=\"Mercedes-Benz OM615\" href=\"http:\/\/en.wikipedia.org\/wiki\/Mercedes-Benz_OM615#OM615.940\">OM615<\/a><\/i>\u00a0<a title=\"Dizel motor\" href=\"http:\/\/en.wikipedia.org\/wiki\/Diesel_engine\">dizel<\/a>\u00a0I4<br \/>\n2.2 L\u00a0<i><a title=\"Mercedes-Benz OM615\" href=\"http:\/\/en.wikipedia.org\/wiki\/Mercedes-Benz_OM615#OM615.941\">OM615<\/a><\/i>\u00a0dizel I4<br \/>\n2.4 L\u00a0<i><a title=\"Mercedes-Benz OM616\" href=\"http:\/\/en.wikipedia.org\/wiki\/Mercedes-Benz_OM616\">OM616<\/a><\/i>\u00a0dizel I4<br \/>\n3.0 L\u00a0<i><a title=\"Mercedes-Benz OM617 motoru\" href=\"http:\/\/en.wikipedia.org\/wiki\/Mercedes-Benz_OM617_engine\">OM617<\/a><\/i>\u00a0dizel\u00a0<a title=\"Inline-be\u015f motoru\" href=\"http:\/\/en.wikipedia.org\/wiki\/Inline-five_engine\">\u01305<\/a><\/td>\n<\/tr>\n<tr>\n<th colspan=\"2\">Boyutlar<\/th>\n<\/tr>\n<tr>\n<th scope=\"row\"><a title=\"Dingil mesafesi\" href=\"http:\/\/en.wikipedia.org\/wiki\/Wheelbase\">Dingil mesafesi<\/a><\/th>\n<td>108 (2700 mm)<\/td>\n<\/tr>\n<tr>\n<th scope=\"row\">Uzunluk<\/th>\n<td>184.25 (4,680 mm)<br \/>\nsedan\/salon ve coupe ile Euro-spec tamponlar<\/td>\n<\/tr>\n<tr>\n<th scope=\"row\">Geni\u015flik<\/th>\n<td>69.75 (1,772 mm)<\/td>\n<\/tr>\n<tr>\n<th scope=\"row\">Y\u00fckseklik<\/th>\n<td>56.75 (1,441 mm)<sup id=\"cite_ref-DailyExpressMotorShowReviewOct1974re1975_1-0\"><a href=\"http:\/\/en.wikipedia.org\/wiki\/Mercedes-Benz_W114#cite_note-DailyExpressMotorShowReviewOct1974re1975-1\"><br \/>\n<\/a><\/sup><\/td>\n<\/tr>\n<\/tbody>\n<\/table>\n<p>&nbsp;<\/p>\n<h1 id=\"firstHeading\" lang=\"en\">Mercedes-Benz W114<\/h1>\n<table>\n<tbody>\n<tr>\n<th rowspan=\"2\">\u015ease kodu<\/th>\n<th rowspan=\"2\">Y\u0131l<\/th>\n<th rowspan=\"2\">Model<\/th>\n<th colspan=\"3\">Motoru<\/th>\n<th rowspan=\"2\">\u00dcretim Adeti<\/th>\n<\/tr>\n<tr>\n<th>Deplasman<\/th>\n<th>Model<\/th>\n<th>T\u00fcr\u00fc<\/th>\n<\/tr>\n<tr>\n<td>W114.015<\/td>\n<td>1968-1973<\/td>\n<td>230<\/td>\n<td>2.3 lt<\/td>\n<td><i><a title=\"Mercedes-Benz M180 motoru\" href=\"http:\/\/en.wikipedia.org\/wiki\/Mercedes-Benz_M180_engine\">M180<\/a><\/i><\/td>\n<td><a title=\"D\u00fcz-6\" href=\"http:\/\/en.wikipedia.org\/wiki\/Straight-6\">\u01306<\/a><\/td>\n<td>152,822<\/td>\n<\/tr>\n<tr>\n<td>W114.615<\/td>\n<td>1973-1976<\/td>\n<td>230.6<\/td>\n<td>2.3 lt<\/td>\n<td><i><a title=\"Mercedes-Benz M180 motoru\" href=\"http:\/\/en.wikipedia.org\/wiki\/Mercedes-Benz_M180_engine\">M180<\/a><\/i><\/td>\n<td><a title=\"D\u00fcz-6\" href=\"http:\/\/en.wikipedia.org\/wiki\/Straight-6\">\u01306<\/a><\/td>\n<td>63,497<\/td>\n<\/tr>\n<tr>\n<td>W114.010<\/td>\n<td>1968-1970<\/td>\n<td>250<\/td>\n<td>2.5 L<\/td>\n<td><i><a title=\"Mercedes-Benz M114 motoru\" href=\"http:\/\/en.wikipedia.org\/wiki\/Mercedes-Benz_M114_engine\">M114<\/a><\/i><\/td>\n<td><a title=\"D\u00fcz-6\" href=\"http:\/\/en.wikipedia.org\/wiki\/Straight-6\">\u01306<\/a><\/td>\n<td>78,303<\/td>\n<\/tr>\n<tr>\n<td>W114.011<\/td>\n<td>1970-1973<\/td>\n<td>250<\/td>\n<td>2.8 L<\/td>\n<td><i><a title=\"Mercedes-Benz M130 motoru\" href=\"http:\/\/en.wikipedia.org\/wiki\/Mercedes-Benz_M130_engine\">M130<\/a><\/i><\/td>\n<td><a title=\"D\u00fcz-6\" href=\"http:\/\/en.wikipedia.org\/wiki\/Straight-6\">\u01306<\/a><\/td>\n<td>22,624<\/td>\n<\/tr>\n<tr>\n<td>W114.611<\/td>\n<td>1973-1976<\/td>\n<td>250<\/td>\n<td>2.8 L<\/td>\n<td><i><a title=\"Mercedes-Benz M130 motoru\" href=\"http:\/\/en.wikipedia.org\/wiki\/Mercedes-Benz_M130_engine\">M130<\/a><\/i><\/td>\n<td><a title=\"D\u00fcz-6\" href=\"http:\/\/en.wikipedia.org\/wiki\/Straight-6\">\u01306<\/a><\/td>\n<td>11,437<\/td>\n<\/tr>\n<tr>\n<td>W114.021<\/td>\n<td>1968-1972<\/td>\n<td>250C<\/td>\n<td>2.5 L<\/td>\n<td><i><a title=\"Mercedes-Benz M114 motoru\" href=\"http:\/\/en.wikipedia.org\/wiki\/Mercedes-Benz_M114_engine\">M114<\/a><\/i><\/td>\n<td><a title=\"D\u00fcz-6\" href=\"http:\/\/en.wikipedia.org\/wiki\/Straight-6\">\u01306<\/a><\/td>\n<td>8,824<\/td>\n<\/tr>\n<tr>\n<td>W114.022<\/td>\n<td>1968-1972<\/td>\n<td>250CE<\/td>\n<td>2.5 L<\/td>\n<td><i><a title=\"Mercedes-Benz M114 motoru\" href=\"http:\/\/en.wikipedia.org\/wiki\/Mercedes-Benz_M114_engine\">M114<\/a><\/i><\/td>\n<td><a title=\"D\u00fcz-6\" href=\"http:\/\/en.wikipedia.org\/wiki\/Straight-6\">\u01306<\/a><\/td>\n<td>21,787<\/td>\n<\/tr>\n<tr>\n<td>W114.023<\/td>\n<td>1969-1973<sup id=\"cite_ref-NA_7-0\"><a href=\"http:\/\/en.wikipedia.org\/wiki\/Mercedes-Benz_W114#cite_note-NA-7\"><br \/>\n<\/a><\/sup><\/td>\n<td>250C<\/td>\n<td>2.8 L<\/td>\n<td><i><a title=\"Mercedes-Benz M130 motoru\" href=\"http:\/\/en.wikipedia.org\/wiki\/Mercedes-Benz_M130_engine\">M130<\/a><\/i><\/td>\n<td><a title=\"D\u00fcz-6\" href=\"http:\/\/en.wikipedia.org\/wiki\/Straight-6\">\u01306<\/a><\/td>\n<td>10,527<\/td>\n<\/tr>\n<tr>\n<td>W114.623<\/td>\n<td>1973-1976<\/td>\n<td>250C<\/td>\n<td>2.8 L<\/td>\n<td><i><a title=\"Mercedes-Benz M130 motoru\" href=\"http:\/\/en.wikipedia.org\/wiki\/Mercedes-Benz_M130_engine\">M130<\/a><\/i><\/td>\n<td><a title=\"D\u00fcz-6\" href=\"http:\/\/en.wikipedia.org\/wiki\/Straight-6\">\u01306<\/a><\/td>\n<td>1,241<\/td>\n<\/tr>\n<tr>\n<td>W114.060<\/td>\n<td>1972-1973<\/td>\n<td>280<\/td>\n<td>2.8 L<\/td>\n<td><i><a title=\"Mercedes-Benz M110 motoru\" href=\"http:\/\/en.wikipedia.org\/wiki\/Mercedes-Benz_M110_engine\">M110<\/a><\/i><\/td>\n<td><a title=\"D\u00fcz-6\" href=\"http:\/\/en.wikipedia.org\/wiki\/Straight-6\">\u01306<\/a><\/td>\n<td>19,537<\/td>\n<\/tr>\n<tr>\n<td>W114.660<\/td>\n<td>19732-1976<\/td>\n<td>280<\/td>\n<td>2.8 L<\/td>\n<td><i><a title=\"Mercedes-Benz M110 motoru\" href=\"http:\/\/en.wikipedia.org\/wiki\/Mercedes-Benz_M110_engine\">M110<\/a><\/i><\/td>\n<td><a title=\"D\u00fcz-6\" href=\"http:\/\/en.wikipedia.org\/wiki\/Straight-6\">\u01306<\/a><\/td>\n<td>25,000<\/td>\n<\/tr>\n<tr>\n<td>W114.062<\/td>\n<td>1972-1973<\/td>\n<td>280E<\/td>\n<td>2.8 L<\/td>\n<td><i><a title=\"Mercedes-Benz M110 motoru\" href=\"http:\/\/en.wikipedia.org\/wiki\/Mercedes-Benz_M110_engine\">M110<\/a><\/i><\/td>\n<td><a title=\"D\u00fcz-6\" href=\"http:\/\/en.wikipedia.org\/wiki\/Straight-6\">\u01306<\/a><\/td>\n<td>13,711<\/td>\n<\/tr>\n<tr>\n<td>W114.662<\/td>\n<td>1973-1976<\/td>\n<td>280\/E<\/td>\n<td>2.8 L<\/td>\n<td><i><a title=\"Mercedes-Benz M110 motoru\" href=\"http:\/\/en.wikipedia.org\/wiki\/Mercedes-Benz_M110_engine\">M110<\/a><\/i><\/td>\n<td><a title=\"D\u00fcz-6\" href=\"http:\/\/en.wikipedia.org\/wiki\/Straight-6\">\u01306<\/a><\/td>\n<td>9,125<\/td>\n<\/tr>\n<tr>\n<td>W114.072<\/td>\n<td>1972-1973<\/td>\n<td>280CE<\/td>\n<td>2.8 L<\/td>\n<td><i><a title=\"Mercedes-Benz M110 motoru\" href=\"http:\/\/en.wikipedia.org\/wiki\/Mercedes-Benz_M110_engine\">M110<\/a><\/i><\/td>\n<td><a title=\"D\u00fcz-6\" href=\"http:\/\/en.wikipedia.org\/wiki\/Straight-6\">\u01306<\/a><\/td>\n<td>7,576<\/td>\n<\/tr>\n<tr>\n<td>W114.672<\/td>\n<td>1973-1976<\/td>\n<td>280CE<\/td>\n<td>2.8 L<\/td>\n<td><i><a title=\"Mercedes-Benz M110 motoru\" href=\"http:\/\/en.wikipedia.org\/wiki\/Mercedes-Benz_M110_engine\">M110<\/a><\/i><\/td>\n<td><a title=\"D\u00fcz-6\" href=\"http:\/\/en.wikipedia.org\/wiki\/Straight-6\">\u01306<\/a><\/td>\n<td>3,942<\/td>\n<\/tr>\n<tr>\n<td>W114.073<\/td>\n<td>1972-1973<\/td>\n<td>280C<\/td>\n<td>2.8 L<\/td>\n<td><i><a title=\"Mercedes-Benz M110 motoru\" href=\"http:\/\/en.wikipedia.org\/wiki\/Mercedes-Benz_M110_engine\">M110<\/a><\/i><\/td>\n<td><a title=\"D\u00fcz-6\" href=\"http:\/\/en.wikipedia.org\/wiki\/Straight-6\">\u01306<\/a><\/td>\n<td>4,924<\/td>\n<\/tr>\n<tr>\n<td>W114.673<\/td>\n<td>1973-1976<\/td>\n<td>280C<\/td>\n<td>2.8 L<\/td>\n<td><i><a title=\"Mercedes-Benz M110 motoru\" href=\"http:\/\/en.wikipedia.org\/wiki\/Mercedes-Benz_M110_engine\">M110<\/a><\/i><\/td>\n<td><a title=\"D\u00fcz-6\" href=\"http:\/\/en.wikipedia.org\/wiki\/Straight-6\">\u01306<\/a><\/td>\n<td>8,227<\/td>\n<\/tr>\n<\/tbody>\n<\/table>\n<h1 id=\"firstHeading\" lang=\"en\">Mercedes-Benz W115<\/h1>\n<p><span style=\"line-height: 1.5em;\">\u00a0<\/span><\/p>\n<table>\n<tbody>\n<tr>\n<th rowspan=\"2\">\u015ease kodu<\/th>\n<th rowspan=\"2\">Y\u0131l<\/th>\n<th rowspan=\"2\">Model<\/th>\n<th colspan=\"3\">Motoru<\/th>\n<th rowspan=\"2\">\u00dcretim Adeti<\/th>\n<\/tr>\n<tr>\n<th>Deplasman<\/th>\n<th>Model<\/th>\n<th>T\u00fcr\u00fc<\/th>\n<\/tr>\n<tr>\n<td>W115.015<\/td>\n<td>1968-1973<\/td>\n<td>200<\/td>\n<td>2.0 L<\/td>\n<td><i><a title=\"Mercedes-Benz M115 motoru\" href=\"http:\/\/en.wikipedia.org\/wiki\/Mercedes-Benz_M115_engine\">M115<\/a><\/i><\/td>\n<td><a title=\"D\u00fcz-4\" href=\"http:\/\/en.wikipedia.org\/wiki\/Straight-4\">I4<\/a><\/td>\n<td>175,242<\/td>\n<\/tr>\n<tr>\n<td>W115.615<\/td>\n<td>1973-1976<\/td>\n<td>200<\/td>\n<td>2.0 L<\/td>\n<td><i><a title=\"Mercedes-Benz M115 motoru\" href=\"http:\/\/en.wikipedia.org\/wiki\/Mercedes-Benz_M115_engine\">M115<\/a><\/i><\/td>\n<td><a title=\"D\u00fcz-4\" href=\"http:\/\/en.wikipedia.org\/wiki\/Straight-4\">I4<\/a><\/td>\n<td>113,543<\/td>\n<\/tr>\n<tr>\n<td>W115.115<\/td>\n<td>1968-1973<\/td>\n<td>200D<\/td>\n<td>2.0 L<\/td>\n<td><i><a title=\"Mercedes-Benz OM615\" href=\"http:\/\/en.wikipedia.org\/wiki\/Mercedes-Benz_OM615#OM615.940\">OM615<\/a><\/i><\/td>\n<td><a title=\"Dizel motor\" href=\"http:\/\/en.wikipedia.org\/wiki\/Diesel_engine\">Dizel<\/a>\u00a0<a title=\"D\u00fcz-4\" href=\"http:\/\/en.wikipedia.org\/wiki\/Straight-4\">I4<\/a><\/td>\n<td>187,873<\/td>\n<\/tr>\n<tr>\n<td>W115.715<\/td>\n<td>1973-1976<\/td>\n<td>200D<\/td>\n<td>2.0 L<\/td>\n<td><i><a title=\"Mercedes-Benz OM615\" href=\"http:\/\/en.wikipedia.org\/wiki\/Mercedes-Benz_OM615#OM615.940\">OM615<\/a><\/i><\/td>\n<td><a title=\"Dizel motor\" href=\"http:\/\/en.wikipedia.org\/wiki\/Diesel_engine\">Dizel<\/a>\u00a0<a title=\"D\u00fcz-4\" href=\"http:\/\/en.wikipedia.org\/wiki\/Straight-4\">I4<\/a><\/td>\n<td>152,054<\/td>\n<\/tr>\n<tr>\n<td>W115.010<\/td>\n<td>1968-1973<\/td>\n<td>220<\/td>\n<td>2.2 L<\/td>\n<td><i><a title=\"Mercedes-Benz M115 motoru\" href=\"http:\/\/en.wikipedia.org\/wiki\/Mercedes-Benz_M115_engine\">M115<\/a><\/i><\/td>\n<td><a title=\"D\u00fcz-4\" href=\"http:\/\/en.wikipedia.org\/wiki\/Straight-4\">I4<\/a><\/td>\n<td>128,398<\/td>\n<\/tr>\n<tr>\n<td>W115.110<\/td>\n<td>1968-1973<\/td>\n<td>220D<\/td>\n<td>2.2 L<\/td>\n<td><i><a title=\"Mercedes-Benz OM615\" href=\"http:\/\/en.wikipedia.org\/wiki\/Mercedes-Benz_OM615#OM615.941\">OM615<\/a><\/i><\/td>\n<td><a title=\"Dizel motor\" href=\"http:\/\/en.wikipedia.org\/wiki\/Diesel_engine\">Dizel<\/a>\u00a0<a title=\"D\u00fcz-4\" href=\"http:\/\/en.wikipedia.org\/wiki\/Straight-4\">I4<\/a><\/td>\n<td>345,376<\/td>\n<\/tr>\n<tr>\n<td>W115.710<\/td>\n<td>1973-1976<\/td>\n<td>220D<\/td>\n<td>2.2 L<\/td>\n<td><i><a title=\"Mercedes-Benz OM615\" href=\"http:\/\/en.wikipedia.org\/wiki\/Mercedes-Benz_OM615#OM615.941\">OM615<\/a><\/i><\/td>\n<td><a title=\"Dizel motor\" href=\"http:\/\/en.wikipedia.org\/wiki\/Diesel_engine\">Dizel<\/a>\u00a0<a title=\"D\u00fcz-4\" href=\"http:\/\/en.wikipedia.org\/wiki\/Straight-4\">I4<\/a><\/td>\n<td>67,453<\/td>\n<\/tr>\n<tr>\n<td>W115.017<\/td>\n<td>1973-1976<\/td>\n<td>230.4<\/td>\n<td>2.3 lt<\/td>\n<td><i><a title=\"Mercedes-Benz M115 motoru\" href=\"http:\/\/en.wikipedia.org\/wiki\/Mercedes-Benz_M115_engine\">M115<\/a><\/i><\/td>\n<td><a title=\"D\u00fcz-4\" href=\"http:\/\/en.wikipedia.org\/wiki\/Straight-4\">I4<\/a><\/td>\n<td>87,609<\/td>\n<\/tr>\n<tr>\n<td>W115.117<\/td>\n<td>1973-1976<\/td>\n<td>240D<\/td>\n<td>2.4 L<\/td>\n<td><i><a title=\"Mercedes-Benz OM616\" href=\"http:\/\/en.wikipedia.org\/wiki\/Mercedes-Benz_OM616\">OM616<\/a><\/i><\/td>\n<td><a title=\"Dizel motor\" href=\"http:\/\/en.wikipedia.org\/wiki\/Diesel_engine\">Dizel<\/a>\u00a0<a title=\"D\u00fcz-4\" href=\"http:\/\/en.wikipedia.org\/wiki\/Straight-4\">I4<\/a><\/td>\n<td>126,148<\/td>\n<\/tr>\n<tr>\n<td>W115.114<\/td>\n<td>1974-1976<\/td>\n<td>240D 3.0\/300D<\/td>\n<td>3.0 L<\/td>\n<td><i><a title=\"Mercedes-Benz OM617 motoru\" href=\"http:\/\/en.wikipedia.org\/wiki\/Mercedes-Benz_OM617_engine\">OM617<\/a><\/i><\/td>\n<td><a title=\"Dizel motor\" href=\"http:\/\/en.wikipedia.org\/wiki\/Diesel_engine\">Dizel<\/a>\u00a0<a title=\"D\u00fcz-5\" href=\"http:\/\/en.wikipedia.org\/wiki\/Straight-5\">\u01305<\/a><\/td>\n<td>53,690<\/td>\n<\/tr>\n<\/tbody>\n<\/table>\n<p>&nbsp;<\/p>\n<h3>W114 &amp; W115 uzun dingil mesafesi modelleri<\/h3>\n<div><\/div>\n<table>\n<tbody>\n<tr>\n<th rowspan=\"2\">\u015ease kodu<\/th>\n<th rowspan=\"2\">Y\u0131l<\/th>\n<th rowspan=\"2\">Model<\/th>\n<th colspan=\"3\">Motoru<\/th>\n<th rowspan=\"2\">\u00dcretim Say\u0131s\u0131<\/th>\n<\/tr>\n<tr>\n<th>Deplasman<\/th>\n<th>Model<\/th>\n<th>T\u00fcr\u00fc<\/th>\n<\/tr>\n<tr>\n<td>W114.017<\/td>\n<td>1968-1973<\/td>\n<td>230 Lang (LWB salonunda)<\/td>\n<td>2.3 lt<\/td>\n<td><i><a title=\"Mercedes-Benz M180 motoru\" href=\"http:\/\/en.wikipedia.org\/wiki\/Mercedes-Benz_M180_engine\">M180<\/a><\/i><\/td>\n<td><a title=\"D\u00fcz-6\" href=\"http:\/\/en.wikipedia.org\/wiki\/Straight-6\">\u01306<\/a><\/td>\n<td>1,082<\/td>\n<\/tr>\n<tr>\n<td>W114.617<\/td>\n<td>1968-1973<\/td>\n<td>230.6 Lang (LWB salonunda)<\/td>\n<td>2.3 lt<\/td>\n<td><i><a title=\"Mercedes-Benz M180 motoru\" href=\"http:\/\/en.wikipedia.org\/wiki\/Mercedes-Benz_M180_engine\">M180<\/a><\/i><\/td>\n<td><a title=\"D\u00fcz-6\" href=\"http:\/\/en.wikipedia.org\/wiki\/Straight-6\">\u01306<\/a><\/td>\n<td>1,131<\/td>\n<\/tr>\n<tr>\n<td>W115.112<\/td>\n<td>1968-1973<\/td>\n<td>220D Lang (LWB salonunda)<\/td>\n<td>2.2 L<\/td>\n<td><i><a title=\"Mercedes-Benz OM615\" href=\"http:\/\/en.wikipedia.org\/wiki\/Mercedes-Benz_OM615#OM615.940\">OM615<\/a><\/i><\/td>\n<td><a title=\"Dizel motor\" href=\"http:\/\/en.wikipedia.org\/wiki\/Diesel_engine\">Dizel<\/a>\u00a0<a title=\"D\u00fcz-4\" href=\"http:\/\/en.wikipedia.org\/wiki\/Straight-4\">I4<\/a><\/td>\n<td>4,027<\/td>\n<\/tr>\n<tr>\n<td>W115.119<\/td>\n<td>1973-1976<\/td>\n<td>240D Lang (LWB salonunda)<\/td>\n<td>2.4 L<\/td>\n<td><i><a title=\"Mercedes-Benz OM616\" href=\"http:\/\/en.wikipedia.org\/wiki\/Mercedes-Benz_OM616\">OM616<\/a><\/i><\/td>\n<td><a title=\"Dizel motor\" href=\"http:\/\/en.wikipedia.org\/wiki\/Diesel_engine\">Dizel<\/a>\u00a0<a title=\"D\u00fcz-4\" href=\"http:\/\/en.wikipedia.org\/wiki\/Straight-4\">I4<\/a><\/td>\n<td>3,655<\/td>\n<\/tr>\n<\/tbody>\n<\/table>\n<p><a href=\"http:\/\/www.benzclassic.net\/wp-content\/uploads\/2014\/02\/speeder_1285413349.jpg\"><img loading=\"lazy\" class=\"alignnone size-full wp-image-1012\" alt=\"speeder_1285413349\" src=\"http:\/\/www.benzclassic.net\/wp-content\/uploads\/2014\/02\/speeder_1285413349.jpg\" width=\"556\" height=\"488\" srcset=\"http:\/\/www.benzclassic.net\/wp-content\/uploads\/2014\/02\/speeder_1285413349.jpg 556w, http:\/\/www.benzclassic.net\/wp-content\/uploads\/2014\/02\/speeder_1285413349-300x263.jpg 300w\" sizes=\"(max-width: 556px) 100vw, 556px\" \/><\/a>\u00a0<a href=\"http:\/\/www.benzclassic.net\/wp-content\/uploads\/2014\/02\/speeder_1285413374.jpg\"><img loading=\"lazy\" class=\"alignnone size-full wp-image-1013\" alt=\"speeder_1285413374\" src=\"http:\/\/www.benzclassic.net\/wp-content\/uploads\/2014\/02\/speeder_1285413374.jpg\" width=\"550\" height=\"483\" srcset=\"http:\/\/www.benzclassic.net\/wp-content\/uploads\/2014\/02\/speeder_1285413374.jpg 550w, http:\/\/www.benzclassic.net\/wp-content\/uploads\/2014\/02\/speeder_1285413374-300x263.jpg 300w\" sizes=\"(max-width: 550px) 100vw, 550px\" \/><\/a><a href=\"http:\/\/www.benzclassic.net\/wp-content\/uploads\/2014\/02\/speeder_1285413398.jpg\"><img loading=\"lazy\" class=\"alignnone size-full wp-image-1014\" alt=\"speeder_1285413398\" src=\"http:\/\/www.benzclassic.net\/wp-content\/uploads\/2014\/02\/speeder_1285413398.jpg\" width=\"549\" height=\"499\" srcset=\"http:\/\/www.benzclassic.net\/wp-content\/uploads\/2014\/02\/speeder_1285413398.jpg 549w, http:\/\/www.benzclassic.net\/wp-content\/uploads\/2014\/02\/speeder_1285413398-300x272.jpg 300w\" sizes=\"(max-width: 549px) 100vw, 549px\" \/><\/a><a href=\"http:\/\/www.benzclassic.net\/wp-content\/uploads\/2014\/02\/speeder_1285413402.jpg\"><img loading=\"lazy\" class=\"alignnone size-full wp-image-1015\" alt=\"speeder_1285413402\" src=\"http:\/\/www.benzclassic.net\/wp-content\/uploads\/2014\/02\/speeder_1285413402.jpg\" width=\"550\" height=\"482\" srcset=\"http:\/\/www.benzclassic.net\/wp-content\/uploads\/2014\/02\/speeder_1285413402.jpg 550w, http:\/\/www.benzclassic.net\/wp-content\/uploads\/2014\/02\/speeder_1285413402-300x262.jpg 300w\" sizes=\"(max-width: 550px) 100vw, 550px\" \/><\/a><\/p>\n<p><a href=\"http:\/\/www.benzclassic.net\/wp-content\/uploads\/2014\/02\/ED8D5C5ACEA24D4B8617F97B4B887EB5.jpg\"><img loading=\"lazy\" class=\"alignnone size-medium wp-image-419\" alt=\"ED8D5C5ACEA24D4B8617F97B4B887EB5\" src=\"http:\/\/www.benzclassic.net\/wp-content\/uploads\/2014\/02\/ED8D5C5ACEA24D4B8617F97B4B887EB5-300x169.jpg\" width=\"300\" height=\"169\" srcset=\"http:\/\/www.benzclassic.net\/wp-content\/uploads\/2014\/02\/ED8D5C5ACEA24D4B8617F97B4B887EB5-300x169.jpg 300w, http:\/\/www.benzclassic.net\/wp-content\/uploads\/2014\/02\/ED8D5C5ACEA24D4B8617F97B4B887EB5.jpg 1024w\" sizes=\"(max-width: 300px) 100vw, 300px\" \/><\/a><a href=\"http:\/\/www.benzclassic.net\/wp-content\/uploads\/2014\/02\/199291_440959172612089_1589091865_n.jpg\"><img loading=\"lazy\" class=\"alignnone size-medium wp-image-136\" alt=\"199291_440959172612089_1589091865_n\" src=\"http:\/\/www.benzclassic.net\/wp-content\/uploads\/2014\/02\/199291_440959172612089_1589091865_n-300x229.jpg\" width=\"300\" height=\"229\" srcset=\"http:\/\/www.benzclassic.net\/wp-content\/uploads\/2014\/02\/199291_440959172612089_1589091865_n-300x229.jpg 300w, http:\/\/www.benzclassic.net\/wp-content\/uploads\/2014\/02\/199291_440959172612089_1589091865_n.jpg 850w\" sizes=\"(max-width: 300px) 100vw, 300px\" \/><\/a><a href=\"http:\/\/www.benzclassic.net\/wp-content\/uploads\/2014\/02\/248919_491785627535281_129501343_n.jpg\"><img loading=\"lazy\" class=\"alignnone size-medium wp-image-137\" alt=\"248919_491785627535281_129501343_n\" src=\"http:\/\/www.benzclassic.net\/wp-content\/uploads\/2014\/02\/248919_491785627535281_129501343_n-300x188.jpg\" width=\"300\" height=\"188\" srcset=\"http:\/\/www.benzclassic.net\/wp-content\/uploads\/2014\/02\/248919_491785627535281_129501343_n-300x188.jpg 300w, http:\/\/www.benzclassic.net\/wp-content\/uploads\/2014\/02\/248919_491785627535281_129501343_n.jpg 960w\" sizes=\"(max-width: 300px) 100vw, 300px\" \/><\/a><\/p>\n","protected":false},"excerpt":{"rendered":"<p>\u00dcretim 1968-1976 1,919,056 Adet Sedan: 1,852,008 Coup\u00e9: 67,048 Montaj Stuttgart, Almanya Bremen, Almanya Sindelfingen Almanya East London,\u00a0G\u00fcney Afrika Barcelona,\u00a0Venezuela\u00a0(CKD) Buenos Aires,\u00a0Arjantin Tasar\u0131mc\u0131 Paul Bracq G\u00f6vde ve \u015fasi S\u0131n\u0131f Y\u00f6netici araba G\u00f6vde stili 4 kap\u0131\u00a0sedan 2-kap\u0131\u00a0coupe Platform FR d\u00fczeni \u0130lgili Mercedes-Benz W116 Powertrain Motoru 2.0 L\u00a0M115\u00a0I4 2.2 L\u00a0M115\u00a0I4 2.3 lt\u00a0M115\u00a0I4 2.3 lt\u00a0M180\u00a0\u01306 2.5 L\u00a0M114\u00a0\u01306 2,746 cc\u00a0M110\u00a0\u01306 &#8230; <span class=\"more\"><a class=\"more-link\" href=\"http:\/\/www.benzclassic.net\/?page_id=697\">[Read more&#8230;]<\/a><\/span><\/p>\n","protected":false},"author":1,"featured_media":0,"parent":673,"menu_order":13,"comment_status":"closed","ping_status":"closed","template":"","meta":[],"_links":{"self":[{"href":"http:\/\/www.benzclassic.net\/index.php?rest_route=\/wp\/v2\/pages\/697"}],"collection":[{"href":"http:\/\/www.benzclassic.net\/index.php?rest_route=\/wp\/v2\/pages"}],"about":[{"href":"http:\/\/www.benzclassic.net\/index.php?rest_route=\/wp\/v2\/types\/page"}],"author":[{"embeddable":true,"href":"http:\/\/www.benzclassic.net\/index.php?rest_route=\/wp\/v2\/users\/1"}],"replies":[{"embeddable":true,"href":"http:\/\/www.benzclassic.net\/index.php?rest_route=%2Fwp%2Fv2%2Fcomments&post=697"}],"version-history":[{"count":3,"href":"http:\/\/www.benzclassic.net\/index.php?rest_route=\/wp\/v2\/pages\/697\/revisions"}],"predecessor-version":[{"id":1016,"href":"http:\/\/www.benzclassic.net\/index.php?rest_route=\/wp\/v2\/pages\/697\/revisions\/1016"}],"up":[{"embeddable":true,"href":"http:\/\/www.benzclassic.net\/index.php?rest_route=\/wp\/v2\/pages\/673"}],"wp:attachment":[{"href":"http:\/\/www.benzclassic.net\/index.php?rest_route=%2Fwp%2Fv2%2Fmedia&parent=697"}],"curies":[{"name":"wp","href":"https:\/\/api.w.org\/{rel}","templated":true}]}}