{"id":680,"date":"2014-02-21T16:14:32","date_gmt":"2014-02-21T16:14:32","guid":{"rendered":"http:\/\/www.benzclassic.net\/?page_id=680"},"modified":"2016-06-24T06:53:50","modified_gmt":"2016-06-24T06:53:50","slug":"w110-w111","status":"publish","type":"page","link":"http:\/\/www.benzclassic.net\/?page_id=680","title":{"rendered":"W110 \/ W111"},"content":{"rendered":"<h1 id=\"firstHeading\" lang=\"en\">Mercedes-Benz W110\u00a0\u00a0&#8220;<span style=\"color: #000000;\"><a title=\"Mercedes-Benz Heckflosse\" href=\"http:\/\/en.wikipedia.org\/wiki\/Mercedes-Benz_Heckflosse\"><span style=\"color: #000000;\">Fintail<\/span><\/a><\/span>&#8221;\u00a0&#8220;<i>Heckflosse<\/i>&#8220;<\/h1>\n<table cellspacing=\"3\">\n<tbody>\n<tr>\n<th scope=\"row\">\u00dcretim<\/th>\n<td>1961-1968<br \/>\n<span style=\"color: #000000;\">628,282 Adet<\/span><\/td>\n<\/tr>\n<tr>\n<th scope=\"row\"><span style=\"color: #000000;\">Montaj<\/span><\/th>\n<td><span style=\"color: #000000;\"><a title=\"Sindelfingen\" href=\"http:\/\/en.wikipedia.org\/wiki\/Sindelfingen\"><span style=\"color: #000000;\">Sindelfingen<\/span><\/a>,\u00a0<a title=\"Almanya\" href=\"http:\/\/en.wikipedia.org\/wiki\/Germany\"><span style=\"color: #000000;\">Almanya<\/span><\/a><\/span><br \/>\n<span style=\"color: #000000;\"><a title=\"Barcelona, Anzo\u00e1tegui\" href=\"http:\/\/en.wikipedia.org\/wiki\/Barcelona,_Anzo%C3%A1tegui\"><span style=\"color: #000000;\">Barcelona<\/span><\/a>,\u00a0<a title=\"Venezuela\" href=\"http:\/\/en.wikipedia.org\/wiki\/Venezuela\"><span style=\"color: #000000;\">Venezuela<\/span><\/a><\/span><br \/>\n<span style=\"color: #000000;\"><a title=\"Port Melbourne\" href=\"http:\/\/en.wikipedia.org\/wiki\/Port_Melbourne\"><span style=\"color: #000000;\">Port Melbourne<\/span><\/a>,\u00a0<a title=\"Avustralya\" href=\"http:\/\/en.wikipedia.org\/wiki\/Australia\"><span style=\"color: #000000;\">Avustralya<\/span><\/a>\u00a0<sup id=\"cite_ref-1\"><a href=\"http:\/\/en.wikipedia.org\/wiki\/Mercedes-Benz_W110#cite_note-1\"><span style=\"color: #000000;\">[1]<\/span><\/a><\/sup><\/span><\/td>\n<\/tr>\n<tr>\n<th colspan=\"2\"><span style=\"color: #000000;\">G\u00f6vde ve \u015fasi<\/span><\/th>\n<\/tr>\n<tr>\n<th scope=\"row\"><span style=\"color: #000000;\"><a title=\"Ara\u00e7 s\u0131n\u0131fland\u0131rma\" href=\"http:\/\/en.wikipedia.org\/wiki\/Car_classification\"><span style=\"color: #000000;\">S\u0131n\u0131f<\/span><\/a><\/span><\/th>\n<td><span style=\"color: #000000;\"><a title=\"Y\u00f6netici araba\" href=\"http:\/\/en.wikipedia.org\/wiki\/Executive_car\"><span style=\"color: #000000;\">Y\u00f6netici araba<\/span><\/a><\/span><\/td>\n<\/tr>\n<tr>\n<th scope=\"row\"><span style=\"color: #000000;\">Ara\u00e7lar<\/span><\/th>\n<td><span style=\"color: #000000;\"><a title=\"Mercedes-Benz E-S\u0131n\u0131f\u0131\" href=\"http:\/\/en.wikipedia.org\/wiki\/Mercedes-Benz_E-Class\"><span style=\"color: #000000;\">Mercedes-Benz E-S\u0131n\u0131f\u0131<\/span><\/a><\/span><\/td>\n<\/tr>\n<\/tbody>\n<\/table>\n<p>\u0130lk Serisi \u00a01961-1965( \u00a0 190c\/190D &#8211; )<\/p>\n<p>\u0130kinci Serisi\u00a01965-1968 (200\/200D\/230)<\/p>\n<table>\n<tbody>\n<tr>\n<th>\u015easi Kodu<\/th>\n<th>Y\u0131l<\/th>\n<th>Model<\/th>\n<th>Motor<\/th>\n<th>Number built<\/th>\n<\/tr>\n<tr>\n<td>W110.010<\/td>\n<td>1961\u20131965<\/td>\n<td>190c<\/td>\n<td>1.9\u00a0L\u00a0<i><a title=\"Mercedes-Benz M121 engine\" href=\"http:\/\/en.wikipedia.org\/wiki\/Mercedes-Benz_M121_engine\">M121<\/a><\/i>\u00a0<a title=\"Straight-4\" href=\"http:\/\/en.wikipedia.org\/wiki\/Straight-4\">I4<\/a><\/td>\n<td>130,554<\/td>\n<\/tr>\n<tr>\n<td>W110.110<\/td>\n<td>1961\u20131965<\/td>\n<td>190Dc<\/td>\n<td>1.9\u00a0L\u00a0<i><a title=\"Mercedes-Benz OM621 engine (page does not exist)\" href=\"http:\/\/en.wikipedia.org\/w\/index.php?title=Mercedes-Benz_OM621_engine&amp;action=edit&amp;redlink=1\">OM621<\/a><\/i>\u00a0<a title=\"Diesel engine\" href=\"http:\/\/en.wikipedia.org\/wiki\/Diesel_engine\">Diesel<\/a><\/td>\n<td>225,645<\/td>\n<\/tr>\n<\/tbody>\n<\/table>\n<table>\n<tbody>\n<tr>\n<th>\u015ease Kodu<\/th>\n<th>Y\u0131l<\/th>\n<th>Model<\/th>\n<th>Motor<\/th>\n<th>Number built<\/th>\n<\/tr>\n<tr>\n<td>W110.010<\/td>\n<td>1965\u20131968<\/td>\n<td>200<\/td>\n<td>2.0\u00a0L\u00a0<i><a title=\"Mercedes-Benz M121 engine\" href=\"http:\/\/en.wikipedia.org\/wiki\/Mercedes-Benz_M121_engine\">M121<\/a><\/i>\u00a0<a title=\"Straight-4\" href=\"http:\/\/en.wikipedia.org\/wiki\/Straight-4\">I4<\/a><\/td>\n<td>70,207<\/td>\n<\/tr>\n<tr>\n<td>W110.011<\/td>\n<td>1965\u20131968<\/td>\n<td>230<\/td>\n<td>2.3\u00a0L\u00a0<i><a title=\"Mercedes-Benz M180 engine\" href=\"http:\/\/en.wikipedia.org\/wiki\/Mercedes-Benz_M180_engine\">M180<\/a><\/i>\u00a0<a title=\"Straight-6\" href=\"http:\/\/en.wikipedia.org\/wiki\/Straight-6\">I6<\/a><\/td>\n<td>40,258<\/td>\n<\/tr>\n<tr>\n<td>W110.110<\/td>\n<td>1965\u20131968<\/td>\n<td>200D<\/td>\n<td>2.0\u00a0L\u00a0<i><a title=\"Mercedes-Benz OM621 engine (page does not exist)\" href=\"http:\/\/en.wikipedia.org\/w\/index.php?title=Mercedes-Benz_OM621_engine&amp;action=edit&amp;redlink=1\">OM621<\/a><\/i>\u00a0<a title=\"Straight-4\" href=\"http:\/\/en.wikipedia.org\/wiki\/Straight-4\">I4<\/a><\/td>\n<td>161,618<\/td>\n<\/tr>\n<\/tbody>\n<\/table>\n<p>&nbsp;<\/p>\n<table align=\"left\">\n<tbody>\n<tr bgcolor=\"#f0f0f0\">\n<td align=\"center\" width=\"5%\">\u015easi<\/td>\n<td align=\"center\" width=\"5%\">Model<\/td>\n<td align=\"center\" width=\"5%\">1962<\/td>\n<td align=\"center\" width=\"5%\">1963<\/td>\n<td align=\"center\" width=\"5%\">1964<\/td>\n<td align=\"center\" width=\"5%\">1965<\/td>\n<td align=\"center\" width=\"5%\">1965.5<\/td>\n<td align=\"center\" width=\"5%\">1966<\/td>\n<td align=\"center\" width=\"5%\">1967<\/td>\n<td align=\"center\" width=\"5%\">1968<\/td>\n<\/tr>\n<tr align=\"center\">\n<td rowspan=\"3\" bgcolor=\"#c0c0c0\">W110<\/td>\n<td rowspan=\"3\" bgcolor=\"#c0c0c0\"><a title=\"Sedan (car)\" href=\"http:\/\/en.wikipedia.org\/wiki\/Sedan_(car)\">sedan<\/a><\/td>\n<td rowspan=\"2\" colspan=\"4\" bgcolor=\"#c0c0c0\">190c<\/td>\n<td colspan=\"4\" bgcolor=\"#c0c0c0\">230<\/td>\n<\/tr>\n<tr align=\"center\">\n<td colspan=\"4\" bgcolor=\"#c0c0c0\">200<\/td>\n<\/tr>\n<tr align=\"center\">\n<td colspan=\"4\" bgcolor=\"#c0c0c0\">190Dc<\/td>\n<td colspan=\"4\" bgcolor=\"#c0c0c0\">200D<\/td>\n<\/tr>\n<\/tbody>\n<\/table>\n<p>&nbsp;<\/p>\n<h1 id=\"firstHeading\" lang=\"en\">Mercedes-Benz W111<\/h1>\n<table cellspacing=\"3\">\n<tbody>\n<tr>\n<th scope=\"row\">\u00dc<span style=\"color: #000000;\">retim<\/span><\/th>\n<td><span style=\"color: #000000;\">Sedan: 1959-1968<\/span><br \/>\n<span style=\"color: #000000;\">Coupe: 1961-1971<\/span><br \/>\n<span style=\"color: #000000;\">370,807 Adet<\/span><\/td>\n<\/tr>\n<tr>\n<th scope=\"row\"><span style=\"color: #000000;\">Montaj<\/span><\/th>\n<td><span style=\"color: #000000;\"><a title=\"Stuttgart\" href=\"http:\/\/en.wikipedia.org\/wiki\/Stuttgart\"><span style=\"color: #000000;\">Stuttgart<\/span><\/a>,\u00a0<a title=\"Almanya\" href=\"http:\/\/en.wikipedia.org\/wiki\/Germany\"><span style=\"color: #000000;\">Almanya<\/span><\/a><\/span><br \/>\n<span style=\"color: #000000;\"><a title=\"Port Melbourne\" href=\"http:\/\/en.wikipedia.org\/wiki\/Port_Melbourne\"><span style=\"color: #000000;\">Port Melbourne<\/span><\/a>,\u00a0<a title=\"Avustralya\" href=\"http:\/\/en.wikipedia.org\/wiki\/Australia\"><span style=\"color: #000000;\">Avustralya<\/span><\/a>\u00a0<\/span><\/td>\n<\/tr>\n<tr>\n<th colspan=\"2\"><span style=\"color: #000000;\">G\u00f6vde ve \u015fasi<\/span><\/th>\n<\/tr>\n<tr>\n<th scope=\"row\"><span style=\"color: #000000;\"><a title=\"Ara\u00e7 s\u0131n\u0131fland\u0131rma\" href=\"http:\/\/en.wikipedia.org\/wiki\/Car_classification\"><span style=\"color: #000000;\">S\u0131n\u0131f<\/span><\/a><\/span><\/th>\n<td><span style=\"color: #000000;\"><a title=\"Tam boy\" href=\"http:\/\/en.wikipedia.org\/wiki\/Full-size\"><span style=\"color: #000000;\">Tam boy<\/span><\/a>\u00a0<a title=\"L\u00fcks araba\" href=\"http:\/\/en.wikipedia.org\/wiki\/Luxury_car\"><span style=\"color: #000000;\">l\u00fcks araba<\/span><\/a><\/span><\/td>\n<\/tr>\n<tr>\n<th scope=\"row\"><span style=\"color: #000000;\"><a title=\"Ara\u00e7 s\u0131n\u0131fland\u0131rma\" href=\"http:\/\/en.wikipedia.org\/wiki\/Car_classification\"><span style=\"color: #000000;\">G\u00f6vde stili<\/span><\/a><\/span><\/th>\n<td><span style=\"color: #000000;\">4 kap\u0131\u00a0<a title=\"Sedan (araba)\" href=\"http:\/\/en.wikipedia.org\/wiki\/Sedan_(car)\"><span style=\"color: #000000;\">sedan<\/span><\/a><\/span><br \/>\n<span style=\"color: #000000;\">2-kap\u0131\u00a0<a title=\"Coupe\" href=\"http:\/\/en.wikipedia.org\/wiki\/Coupe\"><span style=\"color: #000000;\">coupe<\/span><\/a><\/span><br \/>\n<span style=\"color: #000000;\">2-kap\u0131\u00a0<a title=\"Convertible (araba)\" href=\"http:\/\/en.wikipedia.org\/wiki\/Convertible_(car)\"><span style=\"color: #000000;\">cabrio<\/span><\/a><\/span><\/td>\n<\/tr>\n<\/tbody>\n<\/table>\n<table>\n<tbody>\n<tr>\n<td valign=\"bottom\" width=\"135\" height=\"13\">Model<\/td>\n<td align=\"center\" valign=\"bottom\" width=\"98\">Y\u0131l<\/td>\n<td align=\"center\" valign=\"bottom\" width=\"70\">\u015easi Kodu<\/td>\n<td align=\"center\" valign=\"bottom\" width=\"161\">Motor<\/td>\n<td align=\"center\" valign=\"bottom\" width=\"91\">Hacim<\/td>\n<td align=\"center\" valign=\"bottom\" width=\"110\">G\u00fc\u00e7<\/td>\n<td align=\"center\" valign=\"bottom\" width=\"110\">Built<\/td>\n<\/tr>\n<tr align=\"center\" valign=\"bottom\">\n<td height=\"13\"><\/td>\n<td><\/td>\n<td><\/td>\n<td><\/td>\n<td>[cc]<\/td>\n<td>[PS] \/ [kW]<\/td>\n<td><\/td>\n<\/tr>\n<tr>\n<td valign=\"bottom\" height=\"13\">220 Sedan<\/td>\n<td align=\"center\" valign=\"bottom\">8\/59\u20138\/65<\/td>\n<td align=\"center\" valign=\"bottom\">111.010<\/td>\n<td align=\"center\" valign=\"bottom\">M180.940 \/ R 6<\/td>\n<td align=\"center\" valign=\"bottom\">2195<\/td>\n<td align=\"center\" valign=\"bottom\">95 \/ 70<\/td>\n<td align=\"center\" valign=\"bottom\">69691<\/td>\n<\/tr>\n<tr>\n<td valign=\"bottom\" height=\"13\">220 S Sedan<\/td>\n<td align=\"center\" valign=\"bottom\">8\/59\u20138\/65<\/td>\n<td align=\"center\" valign=\"bottom\">111.012<\/td>\n<td align=\"center\" valign=\"bottom\">M180.941 \/ R 6<\/td>\n<td align=\"center\" valign=\"bottom\">2195<\/td>\n<td align=\"center\" valign=\"bottom\">105\/110 \/\/ 77\/81<\/td>\n<td align=\"center\" valign=\"bottom\">161119<\/td>\n<\/tr>\n<tr>\n<td valign=\"bottom\" height=\"13\">220 SE Sedan<\/td>\n<td align=\"center\" valign=\"bottom\">8\/59\u20138\/65<\/td>\n<td align=\"center\" valign=\"bottom\">111.014<\/td>\n<td align=\"center\" valign=\"bottom\">M127.982 \/ R 6<\/td>\n<td align=\"center\" valign=\"bottom\">2195<\/td>\n<td align=\"center\" valign=\"bottom\">120 \/ 88<\/td>\n<td align=\"center\" valign=\"bottom\">66086<\/td>\n<\/tr>\n<tr>\n<td valign=\"bottom\" height=\"13\">220 SE Coup\u00e9<\/td>\n<td align=\"center\" valign=\"bottom\">2\/61\u201310\/65<\/td>\n<td align=\"center\" valign=\"bottom\">111.021<\/td>\n<td align=\"center\" valign=\"bottom\">M127.984 \/ R 6<\/td>\n<td align=\"center\" valign=\"bottom\">2195<\/td>\n<td align=\"center\" valign=\"bottom\">120 \/ 88<\/td>\n<td align=\"center\" valign=\"bottom\">14173<\/td>\n<\/tr>\n<tr>\n<td valign=\"bottom\" height=\"13\">220 SE Cabriolet<\/td>\n<td align=\"center\" valign=\"bottom\">9\/61\u201310\/65<\/td>\n<td align=\"center\" valign=\"bottom\">111.023<\/td>\n<td align=\"center\" valign=\"bottom\">M127.984 \/ R 6<\/td>\n<td align=\"center\" valign=\"bottom\">2195<\/td>\n<td align=\"center\" valign=\"bottom\">120 \/ 88<\/td>\n<td align=\"center\" valign=\"bottom\">2729<\/td>\n<\/tr>\n<tr>\n<td valign=\"bottom\" height=\"13\">230 S Sedan<\/td>\n<td align=\"center\" valign=\"bottom\">7\/65\u20131\/68<\/td>\n<td align=\"center\" valign=\"bottom\">111.010<\/td>\n<td align=\"center\" valign=\"bottom\">M180.947 \/ 951 \/ R 6<\/td>\n<td align=\"center\" valign=\"bottom\">2295<\/td>\n<td align=\"center\" valign=\"bottom\">120 \/ 88<\/td>\n<td align=\"center\" valign=\"bottom\">41107<\/td>\n<\/tr>\n<tr>\n<td valign=\"bottom\" height=\"13\">250 SE Coup\u00e9<\/td>\n<td align=\"center\" valign=\"bottom\">9\/65\u201312\/67<\/td>\n<td align=\"center\" valign=\"bottom\">111.021<\/td>\n<td align=\"center\" valign=\"bottom\">M129.980 \/ 981 \/ R 6<\/td>\n<td align=\"center\" valign=\"bottom\">2496<\/td>\n<td align=\"center\" valign=\"bottom\">150 \/ 110<\/td>\n<td align=\"center\" valign=\"bottom\">5259<\/td>\n<\/tr>\n<tr>\n<td valign=\"bottom\" height=\"13\">250 SE Cabriolet<\/td>\n<td align=\"center\" valign=\"bottom\">9\/65\u201312\/67<\/td>\n<td align=\"center\" valign=\"bottom\">111.023<\/td>\n<td align=\"center\" valign=\"bottom\">M129.980 \/ 984 \/ R 6<\/td>\n<td align=\"center\" valign=\"bottom\">2496<\/td>\n<td align=\"center\" valign=\"bottom\">150 \/ 110<\/td>\n<td align=\"center\" valign=\"bottom\">954<\/td>\n<\/tr>\n<tr>\n<td valign=\"bottom\" height=\"13\">280 SE Coup\u00e9<\/td>\n<td align=\"center\" valign=\"bottom\">11\/67\u20135\/71<\/td>\n<td align=\"center\" valign=\"bottom\">111.024<\/td>\n<td align=\"center\" valign=\"bottom\">M130.980 \/ 984 \/ R 6<\/td>\n<td align=\"center\" valign=\"bottom\">2778<\/td>\n<td align=\"center\" valign=\"bottom\">160 \/ 118<\/td>\n<td align=\"center\" valign=\"bottom\">3797<\/td>\n<\/tr>\n<tr>\n<td valign=\"bottom\" height=\"13\">280 SE Cabriolet<\/td>\n<td align=\"center\" valign=\"bottom\">11\/67\u20135\/71<\/td>\n<td align=\"center\" valign=\"bottom\">111.025<\/td>\n<td align=\"center\" valign=\"bottom\">M130.980 \/ 984 \/ R 6<\/td>\n<td align=\"center\" valign=\"bottom\">2778<\/td>\n<td align=\"center\" valign=\"bottom\">160 \/ 118<\/td>\n<td align=\"center\" valign=\"bottom\">1390<\/td>\n<\/tr>\n<tr>\n<td valign=\"bottom\" height=\"13\">280 SE 3.5 Coup\u00e9<\/td>\n<td align=\"center\" valign=\"bottom\">11\/69\u20137\/71<\/td>\n<td align=\"center\" valign=\"bottom\">111.026<\/td>\n<td align=\"center\" valign=\"bottom\">M116.980 \/ 990 \/ V 8<\/td>\n<td align=\"center\" valign=\"bottom\">3499<\/td>\n<td align=\"center\" valign=\"bottom\">200 \/ 147<\/td>\n<td align=\"center\" valign=\"bottom\">3270<\/td>\n<\/tr>\n<tr>\n<td valign=\"bottom\" height=\"13\">280 SE 3.5 Cabriolet<\/td>\n<td align=\"center\" valign=\"bottom\">11\/69\u20137\/71<\/td>\n<td align=\"center\" valign=\"bottom\">111.027<\/td>\n<td align=\"center\" valign=\"bottom\">M116.980 \/ 990 \/ V 8<\/td>\n<td align=\"center\" valign=\"bottom\">3499<\/td>\n<td align=\"center\" valign=\"bottom\">200 \/ 147<\/td>\n<td align=\"center\" valign=\"bottom\">1232<\/td>\n<\/tr>\n<\/tbody>\n<\/table>\n<table align=\"left\">\n<tbody>\n<tr bgcolor=\"#f0f0f0\">\n<td align=\"center\" width=\"5%\">\u015easi<\/td>\n<td align=\"center\" width=\"5%\">Model<\/td>\n<td align=\"center\" width=\"5%\">1959<\/td>\n<td align=\"center\" width=\"5%\">1960<\/td>\n<td align=\"center\" width=\"5%\">1961<\/td>\n<td align=\"center\" width=\"5%\">1962<\/td>\n<td align=\"center\" width=\"5%\">1963<\/td>\n<td align=\"center\" width=\"5%\">1964<\/td>\n<td align=\"center\" width=\"5%\">1965<\/td>\n<td align=\"center\" width=\"5%\">1966<\/td>\n<td align=\"center\" width=\"5%\">1967<\/td>\n<td align=\"center\" width=\"5%\">1968<\/td>\n<td align=\"center\" width=\"5%\">1969<\/td>\n<td align=\"center\" width=\"5%\">1970<\/td>\n<td align=\"center\" width=\"5%\">1971<\/td>\n<\/tr>\n<tr align=\"center\">\n<td rowspan=\"8\" bgcolor=\"#c0c0c0\">W111<\/td>\n<td rowspan=\"4\" bgcolor=\"#c0c0c0\"><a title=\"Sedan (car)\" href=\"http:\/\/en.wikipedia.org\/wiki\/Sedan_(car)\">Sedan<\/a><\/td>\n<td colspan=\"7\" bgcolor=\"#c0c0c0\">220<\/td>\n<td colspan=\"8\" bgcolor=\"#e0e0e0\"><\/td>\n<\/tr>\n<tr align=\"center\">\n<td colspan=\"7\" bgcolor=\"#c0c0c0\">220S<\/td>\n<td colspan=\"8\" bgcolor=\"#e0e0e0\"><\/td>\n<\/tr>\n<tr align=\"center\">\n<td colspan=\"7\" bgcolor=\"#c0c0c0\">220SE<\/td>\n<td colspan=\"8\" bgcolor=\"#e0e0e0\"><\/td>\n<\/tr>\n<tr align=\"center\">\n<td colspan=\"6\" bgcolor=\"#e0e0e0\"><\/td>\n<td colspan=\"4\" bgcolor=\"#c0c0c0\">230S<\/td>\n<td colspan=\"8\" bgcolor=\"#e0e0e0\"><\/td>\n<\/tr>\n<tr align=\"center\">\n<td rowspan=\"5\" bgcolor=\"#c0c0c0\"><a title=\"Coup\u00e9\" href=\"http:\/\/en.wikipedia.org\/wiki\/Coup%C3%A9\">Coup\u00e9<\/a><br \/>\n&amp;<br \/>\n<a title=\"Cabriolet\" href=\"http:\/\/en.wikipedia.org\/wiki\/Cabriolet\">Cabriolet<\/a><\/td>\n<td colspan=\"2\" bgcolor=\"#e0e0e0\"><\/td>\n<td colspan=\"5\" bgcolor=\"#c0c0c0\">220SE<\/td>\n<td colspan=\"8\" bgcolor=\"#e0e0e0\"><\/td>\n<\/tr>\n<tr align=\"center\">\n<td colspan=\"6\" bgcolor=\"#e0e0e0\"><\/td>\n<td colspan=\"3\" bgcolor=\"#c0c0c0\">250SE<\/td>\n<td colspan=\"8\" bgcolor=\"#e0e0e0\"><\/td>\n<\/tr>\n<tr align=\"center\">\n<td colspan=\"8\" bgcolor=\"#e0e0e0\"><\/td>\n<td colspan=\"5\" bgcolor=\"#c0c0c0\">280SE<\/td>\n<\/tr>\n<tr align=\"center\">\n<td colspan=\"10\" bgcolor=\"#e0e0e0\"><\/td>\n<td colspan=\"3\" bgcolor=\"#c0c0c0\">280SE 3.5<\/td>\n<\/tr>\n<\/tbody>\n<\/table>\n<p>&nbsp;<\/p>\n<p><a href=\"http:\/\/www.benzclassic.net\/wp-content\/uploads\/2014\/02\/971970_564029563650621_849167533_n.jpg\"><img loading=\"lazy\" class=\"alignnone  wp-image-291\" alt=\"971970_564029563650621_849167533_n\" src=\"http:\/\/www.benzclassic.net\/wp-content\/uploads\/2014\/02\/971970_564029563650621_849167533_n-300x237.jpg\" width=\"300\" height=\"300\" \/><\/a><a href=\"http:\/\/www.benzclassic.net\/wp-content\/uploads\/2014\/02\/1017434_611228902222138_1496421606_n.jpg\"><img loading=\"lazy\" class=\"alignnone size-medium wp-image-292\" alt=\"1017434_611228902222138_1496421606_n\" src=\"http:\/\/www.benzclassic.net\/wp-content\/uploads\/2014\/02\/1017434_611228902222138_1496421606_n-300x300.jpg\" width=\"300\" height=\"300\" srcset=\"http:\/\/www.benzclassic.net\/wp-content\/uploads\/2014\/02\/1017434_611228902222138_1496421606_n-300x300.jpg 300w, http:\/\/www.benzclassic.net\/wp-content\/uploads\/2014\/02\/1017434_611228902222138_1496421606_n-150x150.jpg 150w, http:\/\/www.benzclassic.net\/wp-content\/uploads\/2014\/02\/1017434_611228902222138_1496421606_n.jpg 612w\" sizes=\"(max-width: 300px) 100vw, 300px\" \/><\/a><\/p>\n","protected":false},"excerpt":{"rendered":"<p>Mercedes-Benz W110\u00a0\u00a0&#8220;Fintail&#8221;\u00a0&#8220;Heckflosse&#8220; \u00dcretim 1961-1968 628,282 Adet Montaj Sindelfingen,\u00a0Almanya Barcelona,\u00a0Venezuela Port Melbourne,\u00a0Avustralya\u00a0[1] G\u00f6vde ve \u015fasi S\u0131n\u0131f Y\u00f6netici araba Ara\u00e7lar Mercedes-Benz E-S\u0131n\u0131f\u0131 \u0130lk Serisi \u00a01961-1965( \u00a0 190c\/190D &#8211; ) \u0130kinci Serisi\u00a01965-1968 (200\/200D\/230) \u015easi Kodu Y\u0131l Model Motor Number built W110.010 1961\u20131965 190c 1.9\u00a0L\u00a0M121\u00a0I4 130,554 W110.110 1961\u20131965 190Dc 1.9\u00a0L\u00a0OM621\u00a0Diesel 225,645 \u015ease Kodu Y\u0131l Model Motor Number built W110.010 &#8230; <span class=\"more\"><a class=\"more-link\" href=\"http:\/\/www.benzclassic.net\/?page_id=680\">[Read more&#8230;]<\/a><\/span><\/p>\n","protected":false},"author":1,"featured_media":0,"parent":673,"menu_order":9,"comment_status":"closed","ping_status":"closed","template":"","meta":[],"_links":{"self":[{"href":"http:\/\/www.benzclassic.net\/index.php?rest_route=\/wp\/v2\/pages\/680"}],"collection":[{"href":"http:\/\/www.benzclassic.net\/index.php?rest_route=\/wp\/v2\/pages"}],"about":[{"href":"http:\/\/www.benzclassic.net\/index.php?rest_route=\/wp\/v2\/types\/page"}],"author":[{"embeddable":true,"href":"http:\/\/www.benzclassic.net\/index.php?rest_route=\/wp\/v2\/users\/1"}],"replies":[{"embeddable":true,"href":"http:\/\/www.benzclassic.net\/index.php?rest_route=%2Fwp%2Fv2%2Fcomments&post=680"}],"version-history":[{"count":2,"href":"http:\/\/www.benzclassic.net\/index.php?rest_route=\/wp\/v2\/pages\/680\/revisions"}],"predecessor-version":[{"id":682,"href":"http:\/\/www.benzclassic.net\/index.php?rest_route=\/wp\/v2\/pages\/680\/revisions\/682"}],"up":[{"embeddable":true,"href":"http:\/\/www.benzclassic.net\/index.php?rest_route=\/wp\/v2\/pages\/673"}],"wp:attachment":[{"href":"http:\/\/www.benzclassic.net\/index.php?rest_route=%2Fwp%2Fv2%2Fmedia&parent=680"}],"curies":[{"name":"wp","href":"https:\/\/api.w.org\/{rel}","templated":true}]}}