{"id":38,"date":"2014-02-20T13:54:34","date_gmt":"2014-02-20T13:54:34","guid":{"rendered":"http:\/\/www.benzclassic.net\/?page_id=38"},"modified":"2022-10-28T08:03:54","modified_gmt":"2022-10-28T08:03:54","slug":"galeri","status":"publish","type":"page","link":"http:\/\/www.benzclassic.net\/?page_id=38","title":{"rendered":"GALER\u0130"},"content":{"rendered":"<p><strong>\u00a0 \u00a0 <\/strong><span style=\"color: #333333;\">\u00a0Klasikle\u015fmi\u015f hatta efsanele\u015fmi\u015f bir\u00e7ok Mercedes Benz modelinin teknik verilerinden ve farkl\u0131 a\u00e7\u0131lardan \u00a0derlenmi\u015f bir\u00e7ok foto\u011fraf\u0131n\u0131n bulundu\u011fu \u00a0Galeri sayfam\u0131zda keyifli bir yolculu\u011fa ho\u015f geldiniz.<\/span><\/p>\n<p><span style=\"color: #333333;\">\u00a0 \u00a0 Facebook sayfam\u0131zda her g\u00fcn d\u00fcnyan\u0131n farkl\u0131 \u00fclkelerinden binlerce y\u0131ld\u0131z dostunun payla\u015ft\u0131\u011f\u0131 birbirinden \u00f6zel foto\u011fraflar\u0131 takip edebilirsiniz.<\/span><\/p>\n","protected":false},"excerpt":{"rendered":"<p>\u00a0 \u00a0 \u00a0Klasikle\u015fmi\u015f hatta efsanele\u015fmi\u015f bir\u00e7ok Mercedes Benz modelinin teknik verilerinden ve farkl\u0131 a\u00e7\u0131lardan \u00a0derlenmi\u015f bir\u00e7ok foto\u011fraf\u0131n\u0131n bulundu\u011fu \u00a0Galeri sayfam\u0131zda keyifli bir yolculu\u011fa ho\u015f geldiniz. \u00a0 \u00a0 Facebook sayfam\u0131zda her g\u00fcn d\u00fcnyan\u0131n farkl\u0131 \u00fclkelerinden binlerce y\u0131ld\u0131z dostunun payla\u015ft\u0131\u011f\u0131 birbirinden \u00f6zel foto\u011fraflar\u0131 takip edebilirsiniz.<\/p>\n","protected":false},"author":1,"featured_media":0,"parent":0,"menu_order":2,"comment_status":"closed","ping_status":"closed","template":"","meta":[],"_links":{"self":[{"href":"http:\/\/www.benzclassic.net\/index.php?rest_route=\/wp\/v2\/pages\/38"}],"collection":[{"href":"http:\/\/www.benzclassic.net\/index.php?rest_route=\/wp\/v2\/pages"}],"about":[{"href":"http:\/\/www.benzclassic.net\/index.php?rest_route=\/wp\/v2\/types\/page"}],"author":[{"embeddable":true,"href":"http:\/\/www.benzclassic.net\/index.php?rest_route=\/wp\/v2\/users\/1"}],"replies":[{"embeddable":true,"href":"http:\/\/www.benzclassic.net\/index.php?rest_route=%2Fwp%2Fv2%2Fcomments&post=38"}],"version-history":[{"count":6,"href":"http:\/\/www.benzclassic.net\/index.php?rest_route=\/wp\/v2\/pages\/38\/revisions"}],"predecessor-version":[{"id":2008,"href":"http:\/\/www.benzclassic.net\/index.php?rest_route=\/wp\/v2\/pages\/38\/revisions\/2008"}],"wp:attachment":[{"href":"http:\/\/www.benzclassic.net\/index.php?rest_route=%2Fwp%2Fv2%2Fmedia&parent=38"}],"curies":[{"name":"wp","href":"https:\/\/api.w.org\/{rel}","templated":true}]}}