{"id":35,"date":"2014-02-20T13:47:16","date_gmt":"2014-02-20T13:47:16","guid":{"rendered":"http:\/\/www.benzclassic.net\/?page_id=35"},"modified":"2025-11-28T09:40:18","modified_gmt":"2025-11-28T09:40:18","slug":"iletisim","status":"publish","type":"page","link":"http:\/\/www.benzclassic.net\/?page_id=35","title":{"rendered":"\u0130LET\u0130\u015e\u0130M"},"content":{"rendered":"<p><em><img loading=\"lazy\" class=\"alignnone  wp-image-981\" src=\"http:\/\/www.benzclassic.net\/wp-content\/uploads\/2014\/02\/contact2-150x150.png\" alt=\"contact2\" width=\"59\" height=\"59\" \/><\/em><em style=\"line-height: 1.5em;\">\u00a0<\/em>\u00a0<strong>info@benzclassic.net<\/strong><\/p>\n<p><strong><a title=\"Benz Classic\" href=\"https:\/\/www.instagram.com\/ozkanevrenclassics\/\"><img loading=\"lazy\" class=\"alignnone size-thumbnail wp-image-2741\" src=\"http:\/\/www.benzclassic.net\/wp-content\/uploads\/2014\/02\/instagram-logo-15-150x150.png\" alt=\"instagram-logo-15\" width=\"150\" height=\"150\" \/>benz__classic<\/a><\/strong><\/p>\n<p><em>\u00a0<a href=\"https:\/\/www.facebook.com\/groups\/benzclassic\"><img loading=\"lazy\" class=\"alignnone  wp-image-983\" src=\"http:\/\/www.benzclassic.net\/wp-content\/uploads\/2014\/02\/is320-150x150.jpg\" alt=\"is320\" width=\"63\" height=\"63\" \/><\/a><\/em><\/p>\n<p><strong>\u00a0 \u00a0 \u00a0 \u00a0 \u00a0 \u00a0 \u00a0 \u00a0 \u00a0 \u00a0<a href=\"https:\/\/www.facebook.com\/groups\/434307580008797\">https:\/\/www.facebook.com\/groups\/benzclassic\/<\/a><\/strong><\/p>\n<p><a href=\"https:\/\/www.youtube.com\/channel\/UCQ2Ip6lP599HIapaslSVUSQ\"><img loading=\"lazy\" class=\"alignnone size-thumbnail wp-image-2738\" src=\"http:\/\/www.benzclassic.net\/wp-content\/uploads\/2014\/02\/YouTube-logo-full_color-150x150.png\" alt=\"YouTube-logo-full_color\" width=\"150\" height=\"150\" \/>Benz Classic<\/a><\/p>\n<h5 style=\"text-align: right;\"><\/h5>\n","protected":false},"excerpt":{"rendered":"<p>\u00a0\u00a0info@benzclassic.net benz__classic \u00a0 \u00a0 \u00a0 \u00a0 \u00a0 \u00a0 \u00a0 \u00a0 \u00a0 \u00a0 \u00a0https:\/\/www.facebook.com\/groups\/benzclassic\/ Benz Classic<\/p>\n","protected":false},"author":1,"featured_media":0,"parent":0,"menu_order":4,"comment_status":"closed","ping_status":"closed","template":"","meta":[],"_links":{"self":[{"href":"http:\/\/www.benzclassic.net\/index.php?rest_route=\/wp\/v2\/pages\/35"}],"collection":[{"href":"http:\/\/www.benzclassic.net\/index.php?rest_route=\/wp\/v2\/pages"}],"about":[{"href":"http:\/\/www.benzclassic.net\/index.php?rest_route=\/wp\/v2\/types\/page"}],"author":[{"embeddable":true,"href":"http:\/\/www.benzclassic.net\/index.php?rest_route=\/wp\/v2\/users\/1"}],"replies":[{"embeddable":true,"href":"http:\/\/www.benzclassic.net\/index.php?rest_route=%2Fwp%2Fv2%2Fcomments&post=35"}],"version-history":[{"count":49,"href":"http:\/\/www.benzclassic.net\/index.php?rest_route=\/wp\/v2\/pages\/35\/revisions"}],"predecessor-version":[{"id":2825,"href":"http:\/\/www.benzclassic.net\/index.php?rest_route=\/wp\/v2\/pages\/35\/revisions\/2825"}],"wp:attachment":[{"href":"http:\/\/www.benzclassic.net\/index.php?rest_route=%2Fwp%2Fv2%2Fmedia&parent=35"}],"curies":[{"name":"wp","href":"https:\/\/api.w.org\/{rel}","templated":true}]}}